6/4)/((-4)/8). Is 12/g + (4 - -93) a prime number?
False
Suppose 5*z - 14 = -f + z, 4*f - 2*z - 2 = 0. Suppose f*a = 6*a + 2*p - 1630, -5*a - p + 2042 = 0. Is a a prime number?
True
Let v = -147 - -247. Let w = 663 - v. Is w a prime number?
True
Is (-10)/5 + 3 + 15612 prime?
False
Suppose 0 = -3*i + 12, 3*n + 20 = 2*n + 3*i. Let b be 20/n*(-584)/10. Suppose 0 = -5*o + w + 420, -4*w = 3*o - o - b. Is o a prime number?
True
Let p = -2369 - -4216. Is p a prime number?
True
Let o(f) = -20*f**3 - 3*f**2 - 24*f - 73. Is o(-6) a composite number?
False
Let g be -4 + (-3995)/((-25)/5). Suppose 4*o - 7607 = -n, -3*n + 22026 + g = -3*o. Is n a composite number?
False
Let l(m) = m**2 - 15*m + 16. Let g be l(15). Suppose -g = -5*p + 9. Suppose 4*v + 2*o = 148, 118 - 7 = 3*v + p*o. Is v composite?
False
Let x = 5 - -15. Suppose a = 5*a + x, 3 = 4*d + a. Suppose -d*w = -7*w + 1805. Is w prime?
False
Suppose 0 = -3*r - r - 140. Let k = -16 - r. Is k a prime number?
True
Let m(s) = 7449*s**2 + 4*s - 5. Let v be m(1). Let y = v + -4059. Is y a composite number?
False
Let j = -11 + 11. Suppose 3*o - 2*o - 4 = j. Is (474/4)/(2/o) a prime number?
False
Let x(u) = 1355*u**2 - 19*u + 65. Is x(6) composite?
False
Is (-56)/294*-7 + 29734/6 a composite number?
False
Suppose -3*l = -3088 + 445. Suppose -4*z - l = -2621. Suppose z = 7*o - 4*o. Is o composite?
True
Let n(o) = -o**3 + 27. Let g be n(0). Suppose -3*c - 68 + g = s, 2*c = s - 19. Is (19/(-4))/(c/240) prime?
False
Let k(u) = 135*u**2 - 11*u - 101. Is k(-11) a composite number?
True
Let y(v) = 23*v + 10. Let l be y(-6). Let p = 251 - l. Is p a prime number?
True
Let x(f) = -633*f + 157. Is x(-14) prime?
False
Suppose -27*w - 2 = -26*w, -5*w + 272 = 3*z. Is z prime?
False
Suppose s + 3*v - v - 7 = 0, 0 = 3*s - 3*v - 12. Suppose -25 = -4*g - s*m + 4996, -2*g + 2512 = 2*m. Is g a prime number?
True
Let n be ((-6)/4)/((-19)/16 + 1). Is 871 + 9/((-36)/n) a prime number?
False
Suppose 0 = j - 65 - 14. Let d = -59 - j. Let o = -19 - d. Is o prime?
False
Let z = -99116 + 149311. Is z prime?
False
Let q(o) = -5*o - 34. Let z be q(-8). Suppose -z = 3*b, 3*s + 2346 = 5*s - 2*b. Is s prime?
True
Let t(o) be the second derivative of -o**4/6 + o**3/3 + o**2/2 - 4*o. Let m be t(-1). Is (m - -8)/((-1)/(-23)) a prime number?
False
Let d(q) = -2*q**2 + 36*q - 38. Let z be d(17). Is z*(-1938)/60 - 1/5 a prime number?
False
Suppose 22 = s + 4*h, -s - 2*s + 2*h = 4. Let w be 0/(0 + s)*1. Suppose k - z - 7 = -w*z, -4*k = -2*z - 28. Is k a composite number?
False
Let r = 5747 - 3970. Is r prime?
True
Let w be 3/(-6)*(-7 + 1 + -2). Let t(f) = 5*f**2 - f - 7. Is t(w) composite?
True
Let l be 2 + 1 - (-4 - (17 + 3)). Is 7107/l + (-6)/27 prime?
True
Suppose 31 = 4*f - 3*u, 5*f + u - 5*u - 40 = 0. Suppose 4*k + f*k = 3032. Is k composite?
False
Let l = -8 - -10. Suppose n + 5*w = 250, -l*n + w = -w - 524. Is (n + -3)/((-3)/(-3)) composite?
False
Suppose -5*p + 25 = b, -4*p - 5*b + 14 = -6. Suppose 0 = -4*u - l - 4*l + 5, -p*u = -4*l - 37. Suppose y = u*y - 1156. Is y prime?
False
Suppose -3*k + 462 = -k. Let u = k + -72. Suppose 0 = -0*m + 3*m - u. Is m prime?
True
Let s = 30 - 26. Let r(y) = -y**3 + 3*y**2 + 3*y + 3. Let a be r(s). Is (-10 - 249)*a*1 prime?
False
Let p be 18/24 + 23379/(-4). Is (2/(-6))/(4/p) a prime number?
True
Let i be 1 + 0 - 54/9. Let h be (149/2)/(i/(-140)). Suppose 0 = 15*b - 17*b + h. Is b a prime number?
False
Let q(s) = -s**2 - 8*s - 8. Let w be q(-6). Suppose -t - 5*i = -842, w*i - 419 = -t + 418. Is t composite?
True
Let h(p) be the second derivative of 1/3*p**3 - 2*p + 1/12*p**4 + 1/2*p**2 + 0 + 16/5*p**5. Is h(2) a prime number?
True
Suppose 0 = -r + 4*w + 1481, 5*r - w = 6025 + 1380. Is r prime?
True
Is 444957/12 + 3*12/(-48) composite?
True
Let s(j) = -j - 13. Let f be s(-11). Is 250 + (2 - f)/(-4) prime?
False
Let n(y) = y + 4. Let k be n(3). Suppose x + 4 - k = 0, 0 = -s - x - 51. Let m = 4 - s. Is m a composite number?
True
Suppose -2*p + 32 = x - p, -3*p = 4*x - 129. Let c be ((-22)/x)/((-2)/(-30)). Is (268/10)/((-4)/c) composite?
False
Let h = -10 - -18. Suppose 0 = -0*t - t - 4*o + 646, -3*o = 5*t - 3179. Suppose 10*n = h*n + t. Is n a composite number?
False
Suppose 3*x - 3969 = -k - 331, 5*k - 18247 = 4*x. Is k composite?
True
Let c(h) = -329*h**3 + 2*h**2 - 2*h + 1. Let r be c(1). Let j = r + 623. Is j composite?
True
Suppose 2*y = -0 + 16. Is (2/(-8))/(y/(-4192)) prime?
True
Suppose -2*f - 188 = 108. Let m be 1/(0 + (-3)/(-1365)). Let j = m + f. Is j prime?
True
Let l = 33 - 18. Suppose 12*x - l*x + 60 = 0. Suppose i + x = -4*i, -f + 4*i + 99 = 0. Is f prime?
True
Suppose 10*v - 18 = 4*v. Suppose -v*m = -2*m - 25. Is m prime?
False
Let v(w) = 121*w**2 - 16*w + 279. Is v(10) a composite number?
True
Suppose 139 = -z - 3*f + 2235, 2*f + 2 = 0. Is z prime?
True
Suppose 3*o = 944315 - 158054. Is o a prime number?
False
Let f(l) = -l - 19. Let x be f(-25). Let k(a) = 6*a**3 - 13*a**2 + 8*a + 1. Is k(x) composite?
False
Suppose -p = -o, -3*o + 3 = -0. Let c(n) be the third derivative of 19*n**4/12 + n**3/6 - 3*n**2. Is c(p) composite?
True
Suppose -5 - 4 = -3*t. Suppose -t*q = -265 - 581. Suppose 2*y - 120 = q. Is y a composite number?
True
Let i = 1201 - 1953. Let y be 1*3 + (24 - -1339). Let q = y + i. Is q prime?
False
Let r(l) = 48*l**2 - 13*l - 13. Is r(-8) a prime number?
True
Suppose 2*f + 0*k = -4*k + 3458, 6938 = 4*f - 3*k. Is f composite?
False
Let a = -5769 + 14270. Is a prime?
True
Let i(w) = -50*w - 6. Let f be i(-2). Suppose -2*c + 1676 + f = -4*g, -4*g = 4*c - 3552. Is c prime?
True
Let j(m) = -2*m**3 - 15*m**2 - 5*m + 43. Is j(-18) prime?
False
Is 2*8/64*(1 - -16363) a composite number?
False
Let b = 355 + -142. Let q = -54 + b. Is q composite?
True
Let r be 4541/(-3) - 4/12. Let d = r - -2401. Is d prime?
True
Suppose 5*r = 88 + 192. Let v = 1911 + r. Is v a prime number?
False
Let y(l) = 5*l**3 + 17*l**2 + 5*l + 22. Is y(9) a composite number?
True
Is (-6)/(-5) - (-173236)/20 composite?
False
Suppose 2*w = -z - 3*z - 14302, 5*z = -4*w - 17882. Is (-27)/18 + (z/(-4) - -1) prime?
False
Let f be (44/77)/((-4)/(-14)). Suppose -f*o = c + c - 768, -o - 3*c = -374. Is o prime?
True
Let s be -14 + 7750 - -2*2. Suppose 4*q + a = -0*q + 7735, 0 = 4*q - 4*a - s. Is q prime?
False
Suppose 3*h = -74 + 1571. Let k = 753 - h. Is k composite?
True
Suppose 3*a + 265 = 1. Let z = -5 - a. Is z composite?
False
Suppose 151 + 191 = -2*m. Let b = 348 + m. Let p = -103 + b. Is p a composite number?
True
Let n be (-4 - (-4)/4) + 4. Let o be (-6)/2*3*-1. Is n + (-276)/o*-3 a prime number?
False
Let d(t) be the third derivative of t**6/40 - 7*t**5/60 - t**4/24 + 7*t**3/6 - 10*t**2. Is d(6) composite?
False
Is (-2 + 669)/(3/3) - -4 prime?
False
Let o(n) = 1946*n**2 - 4*n - 3. Is o(-2) composite?
False
Is -5*3*4417/(-21) composite?
True
Let c(a) = -176*a - 30. Let i(f) = 1. Let r(s) = c(s) + 5*i(s). Is r(-6) a prime number?
True
Suppose 4*x - 36 = -5*o + o, 2*o = 5*x - 24. Let k(q) = 7*q**3 + 5*q + 1. Is k(x) prime?
True
Let v = -2124 + 4561. Is v a composite number?
False
Let o(l) = -3*l**3 + 43*l**2 - 42*l + 46. Suppose 7*c + 4 = 6*c. Let x(m) = -m**3 + 14*m**2 - 14*m + 15. Let w(p) = c*o(p) + 11*x(p). Is w(18) composite?
False
Suppose -4*v - 440 = 3*s - 4*s, s - 5*v = 442. Let g = s + -287. Is g a prime number?
False
Let y(j) = 76*j**2 - 3*j - 14. Let m = -67 + 64. Is y(m) composite?
True
Is (41/205)/(2/21610) a prime number?
True
Let p be 3 - (3 + -4)*0. Suppose p*b + 1141 = 4*c, 5*b = -0*c + 4*c - 1131. Is c prime?
False
Let v(l) = -2*l**3 + 12*l**2 - 48*l - 59. Is v(-17) prime?
True
Let s = 10 - 11. Let c = 6 + s. Suppose -5*p = 0, -c*l = -2*p - 26 - 229. Is l a composite number?
True
Let z be (-1 + 1)/(13/(-13)). Let b(t) = 3*t - 1. Let s be b(z). Let r(f) = -81*f - 2. Is r(s) composite?
False
Suppose j = 2*l - 4*j + 4, 0 = 3*l - 4*j - 8. Let h = 12 - l. Suppose 3*f + 134 = 4*o, -h*o - 5*f = o - 185. Is o composite?
True
Suppose 352*m - 329*m = 1061611. Is m a composite number?
True
Let k be (-338)/(-8) + 7/(-28). Let j be 4/(-2) - k/(-6). Suppose 0*m - 749 = -4*a + 3*m, -2*a = j*m - 407. Is a a prime number?
True
Is -3 + 9 + 146*15/6 prime?
False
Let t be 794/9 - 6/27. Let l = t - -245. Suppose l 